rs of 478.
2, 239
What are the prime factors of 33731?
89, 379
What are the prime factors of 1929?
3, 643
What are the prime factors of 873?
3, 97
List the prime factors of 12127.
67, 181
What are the prime factors of 4138?
2, 2069
What are the prime factors of 65592?
2, 3, 911
List the prime factors of 18.
2, 3
What are the prime factors of 12386?
2, 11, 563
What are the prime factors of 7836?
2, 3, 653
What are the prime factors of 611?
13, 47
List the prime factors of 16060.
2, 5, 11, 73
What are the prime factors of 22636?
2, 5659
What are the prime factors of 545?
5, 109
List the prime factors of 1054.
2, 17, 31
What are the prime factors of 3343?
3343
List the prime factors of 32902.
2, 16451
What are the prime factors of 2683?
2683
What are the prime factors of 227?
227
List the prime factors of 14315.
5, 7, 409
What are the prime factors of 8214?
2, 3, 37
List the prime factors of 21460.
2, 5, 29, 37
What are the prime factors of 91856?
2, 5741
List the prime factors of 1016.
2, 127
What are the prime factors of 9667?
7, 1381
What are the prime factors of 624?
2, 3, 13
What are the prime factors of 54838?
2, 7, 3917
What are the prime factors of 2636?
2, 659
What are the prime factors of 1018?
2, 509
List the prime factors of 7110.
2, 3, 5, 79
What are the prime factors of 8771?
7, 179
List the prime factors of 28330.
2, 5, 2833
List the prime factors of 1255.
5, 251
What are the prime factors of 224?
2, 7
List the prime factors of 2390.
2, 5, 239
List the prime factors of 25014.
2, 3, 11, 379
What are the prime factors of 5310?
2, 3, 5, 59
What are the prime factors of 624?
2, 3, 13
What are the prime factors of 1010?
2, 5, 101
List the prime factors of 2061.
3, 229
What are the prime factors of 576?
2, 3
List the prime factors of 7212.
2, 3, 601
What are the prime factors of 1428?
2, 3, 7, 17
What are the prime factors of 364?
2, 7, 13
List the prime factors of 1761.
3, 587
What are the prime factors of 92503?
92503
List the prime factors of 2972.
2, 743
What are the prime factors of 868?
2, 7, 31
List the prime factors of 7789.
7789
What are the prime factors of 1296?
2, 3
What are the prime factors of 58615?
5, 19, 617
List the prime factors of 1405.
5, 281
List the prime factors of 3820.
2, 5, 191
List the prime factors of 2296.
2, 7, 41
List the prime factors of 724.
2, 181
List the prime factors of 727.
727
What are the prime factors of 444?
2, 3, 37
List the prime factors of 139961.
17, 8233
List the prime factors of 1109.
1109
List the prime factors of 5052.
2, 3, 421
List the prime factors of 27628.
2, 6907
What are the prime factors of 82297?
17, 47, 103
What are the prime factors of 22071?
3, 7, 1051
What are the prime factors of 10?
2, 5
What are the prime factors of 28674?
2, 3, 59
List the prime factors of 7073.
11, 643
What are the prime factors of 95343?
3, 61, 521
What are the prime factors of 681?
3, 227
What are the prime factors of 29630?
2, 5, 2963
List the prime factors of 126978.
2, 3, 21163
List the prime factors of 20310.
2, 3, 5, 677
What are the prime factors of 25555?
5, 19, 269
What are the prime factors of 25036?
2, 11, 569
What are the prime factors of 28707?
3, 7, 1367
List the prime factors of 12715.
5, 2543
What are the prime factors of 4269?
3, 1423
List the prime factors of 96868.
2, 61, 397
List the prime factors of 31089.
3, 43, 241
What are the prime factors of 1498?
2, 7, 107
List the prime factors of 37255.
5, 7451
List the prime factors of 70708.
2, 11, 1607
What are the prime factors of 46888?
2, 5861
List the prime factors of 1473.
3, 491
List the prime factors of 4457.
4457
List the prime factors of 47947.
47947
List the prime factors of 106.
2, 53
What are the prime factors of 337?
337
What are the prime factors of 23578?
2, 11789
List the prime factors of 8144.
2, 509
What are the prime factors of 2980?
2, 5, 149
What are the prime factors of 203?
7, 29
What are the prime factors of 86035?
5, 17207
List the prime factors of 1704.
2, 3, 71
List the prime factors of 154.
2, 7, 11
What are the prime factors of 193?
193
What are the prime factors of 42882?
2, 3, 7, 1021
List the prime factors of 4749.
3, 1583
List the prime factors of 2790.
2, 3, 5, 31
What are the prime factors of 9979?
17, 587
What are the prime factors of 659?
659
List the prime factors of 2325.
3, 5, 31
List the prime factors of 4440.
2, 3, 5, 37
What are the prime factors of 3915?
3, 5, 29
List the prime factors of 8955.
3, 5, 199
List the prime factors of 4431.
3, 7, 211
List the prime factors of 638.
2, 11, 29
List the prime factors of 1242.
2, 3, 23
What are the prime factors of 20649?
3, 6883
What are the prime factors of 4998?
2, 3, 7, 17
List the prime factors of 421.
421
What are the prime factors of 649?
11, 59
List the prime factors of 3783.
3, 13, 97
What are the prime factors of 401?
401
What are the prime factors of 484?
2, 11
What are the prime factors of 2556?
2, 3, 71
List the prime factors of 559.
13, 43
List the prime factors of 34003.
37, 919
List the prime factors of 1124.
2, 281
What are the prime factors of 19302?
2, 3, 3217
List the prime factors of 64711.
163, 397
List the prime factors of 43821.
3, 541
What are the prime factors of 515?
5, 103
List the prime factors of 16392.
2, 3, 683
What are the prime factors of 27415?
5, 5483
What are the prime factors of 13152?
2, 3, 137
What are the prime factors of 592?
2, 37
List the prime factors of 49473.
3, 23, 239
List the prime factors of 3085.
5, 617
What are the prime factors of 91420?
2, 5, 7, 653
What are the prime factors of 5944?
2, 743
What are the prime factors of 4382?
2, 7, 313
List the prime factors of 31177.
31177
What are the prime factors of 175?
5, 7
List the prime factors of 6342.
2, 3, 7, 151
List the prime factors of 6278.
2, 43, 73
What are the prime factors of 94680?
2, 3, 5, 263
What are the prime factors of 12200?
2, 5, 61
List the prime factors of 17772.
2, 3, 1481
List the prime factors of 162276.
2, 3, 13523
List the prime factors of 77306.
2, 38653
What are the prime factors of 27667?
73, 379
What are the prime factors of 605?
5, 11
List the prime factors of 71746.
2, 29, 1237
What are the prime factors of 6294?
2, 3, 1049
List the prime factors of 1055.
5, 211
What are the prime factors of 4704?
2, 3, 7
List the prime factors of 1846.
2, 13, 71
What are the prime factors of 949?
13, 73
What are the prime factors of 35578?
2, 17789
What are the prime factors of 1243?
11, 113
What are the prime factors of 146154?
2, 3, 24359
What are the prime factors of 1245?
3, 5, 83
List the prime factors of 3726.
2, 3, 23
List the prime factors of 3399.
3, 11, 103
What are the prime factors of 6366?
2, 3, 1061
What are the prime factors of 14793?
3, 4931
List the prime factors of 28342.
2, 37, 383
List the prime factors of 1414.
2, 7, 101
What are the prime factors of 20480?
2, 5
List the prime factors of 40.
2, 5
What are the prime factors of 1272?
2, 3, 53
List the prime factors of 3329.
3329
What are the prime factors of 654?
2, 3, 109
What are the prime factors of 5080?
2, 5, 127
What are the prime factors of 6361?
6361
What are the prime factors of 411?
3, 137
List the prime factors of 847.
7, 11
List the prime factors of 1169.
7, 167
What are the prime factors of 44930?
2, 5, 4493
List the prime factors of 1579.
1579
List the prime factors of 41476.
2, 10369
What are the prime factors of 448?
2, 7
List the prime factors of 33752.
2, 4219
List the prime factors of 6348.
2, 3, 23
List the prime factors of 14525.
5, 7, 83
List the prime factors of 16179.
3, 5393
List the prime factors of 2473.
2473
What are the prime factors of 6213?
3, 19, 109
List the prime factors of 306.
2, 3, 17
List the prime factors of 39798.
2, 3, 11, 67
What are the prime factors of 1272?
2, 3, 53
List the prime factors of 17461.
19, 919
What are the prime factors of 82075?
5, 7, 67
What are the prime factors of 465?
3, 5, 31
What are the prime factors of 39116?
2, 7, 11, 127
What are the prime factors of 9103?
9103
What are the prime factors of 3068?
2, 13, 59
What are the prime factors of 40237?
40237
What are the prime factors of 1693?
1693
List the prime factors of 36851.
43, 857
What are the prime factors of 3446?
2, 1723
What are the prime factors of